{"id":378,"date":"2026-02-05T22:01:17","date_gmt":"2026-02-05T22:01:17","guid":{"rendered":"https:\/\/numovia.fr\/?page_id=378"},"modified":"2026-02-06T13:49:10","modified_gmt":"2026-02-06T13:49:10","slug":"nos-consultants","status":"publish","type":"page","link":"https:\/\/numovia.fr\/index.php\/nos-consultants\/","title":{"rendered":"Nos consultants"},"content":{"rendered":"\t\t<div data-elementor-type=\"wp-page\" data-elementor-id=\"378\" class=\"elementor elementor-378\">\n\t\t\t\t<div class=\"elementor-element elementor-element-6abf881 e-flex e-con-boxed e-con e-parent\" data-id=\"6abf881\" data-element_type=\"container\" data-e-type=\"container\">\n\t\t\t\t\t<div class=\"e-con-inner\">\n\t\t\t\t<div class=\"elementor-element elementor-element-a2d06e6 elementor-widget elementor-widget-heading\" data-id=\"a2d06e6\" data-element_type=\"widget\" data-e-type=\"widget\" data-widget_type=\"heading.default\">\n\t\t\t\t\t<h2 class=\"elementor-heading-title elementor-size-default\">Nos consultants<\/h2>\t\t\t\t<\/div>\n\t\t\t\t<div class=\"elementor-element elementor-element-6dd1cf9 elementor-widget elementor-widget-text-editor\" data-id=\"6dd1cf9\" data-element_type=\"widget\" data-e-type=\"widget\" data-widget_type=\"text-editor.default\">\n\t\t\t\t\t\t\t\t\t<p>Numovia Consulting s\u2019appuie sur une \u00e9quipe de consultants aux expertises compl\u00e9mentaires, r\u00e9unis par une m\u00eame exigence : accompagner les organisations avec m\u00e9thode, efficacit\u00e9 et sens du r\u00e9sultat.<br data-start=\"1547\" data-end=\"1550\" \/>Chaque consultant intervient dans son champ d\u2019excellence, au service de missions \u00e0 forte valeur ajout\u00e9e.<\/p>\t\t\t\t\t\t\t\t<\/div>\n\t\t\t\t\t<\/div>\n\t\t\t\t<\/div>\n\t\t<div class=\"elementor-element elementor-element-3ba599c e-flex e-con-boxed e-con e-parent\" data-id=\"3ba599c\" data-element_type=\"container\" data-e-type=\"container\">\n\t\t\t\t\t<div class=\"e-con-inner\">\n\t\t<div class=\"elementor-element elementor-element-63a93dc e-con-full e-flex e-con e-child\" data-id=\"63a93dc\" data-element_type=\"container\" data-e-type=\"container\">\n\t\t\t\t<div class=\"elementor-element elementor-element-809f98f elementor-widget elementor-widget-image\" data-id=\"809f98f\" data-element_type=\"widget\" data-e-type=\"widget\" data-widget_type=\"image.default\">\n\t\t\t\t\t\t\t\t\t\t\t\t\t\t\t<img fetchpriority=\"high\" decoding=\"async\" width=\"864\" height=\"1184\" src=\"https:\/\/numovia.fr\/wp-content\/uploads\/2026\/02\/yannick.png\" class=\"attachment-2048x2048 size-2048x2048 wp-image-383\" alt=\"\" srcset=\"https:\/\/numovia.fr\/wp-content\/uploads\/2026\/02\/yannick.png 864w, https:\/\/numovia.fr\/wp-content\/uploads\/2026\/02\/yannick-219x300.png 219w, https:\/\/numovia.fr\/wp-content\/uploads\/2026\/02\/yannick-747x1024.png 747w, https:\/\/numovia.fr\/wp-content\/uploads\/2026\/02\/yannick-768x1052.png 768w\" sizes=\"(max-width: 864px) 100vw, 864px\" \/>\t\t\t\t\t\t\t\t\t\t\t\t\t\t\t<\/div>\n\t\t\t\t<\/div>\n\t\t<div class=\"elementor-element elementor-element-8ba9264 e-con-full e-flex e-con e-child\" data-id=\"8ba9264\" data-element_type=\"container\" data-e-type=\"container\">\n\t\t\t\t<div class=\"elementor-element elementor-element-79f596f elementor-widget elementor-widget-heading\" data-id=\"79f596f\" data-element_type=\"widget\" data-e-type=\"widget\" data-widget_type=\"heading.default\">\n\t\t\t\t\t<h2 class=\"elementor-heading-title elementor-size-default\">Yannick Darnis<\/h2>\t\t\t\t<\/div>\n\t\t\t\t<div class=\"elementor-element elementor-element-83345c4 elementor-widget elementor-widget-heading\" data-id=\"83345c4\" data-element_type=\"widget\" data-e-type=\"widget\" data-widget_type=\"heading.default\">\n\t\t\t\t\t<h3 class=\"elementor-heading-title elementor-size-default\">Consultante Senior\u2013 Sophrologie, relation d\u2019aide et accompagnement psychosocial<\/h3>\t\t\t\t<\/div>\n\t\t\t\t<div class=\"elementor-element elementor-element-87bd096 elementor-widget elementor-widget-text-editor\" data-id=\"87bd096\" data-element_type=\"widget\" data-e-type=\"widget\" data-widget_type=\"text-editor.default\">\n\t\t\t\t\t\t\t\t\t<p data-start=\"302\" data-end=\"673\">Yannick Darnis est th\u00e9rapeute et consultante sp\u00e9cialis\u00e9e en sophrologie, relation d\u2019aide et accompagnement psychosocial. Elle dispose d\u2019une exp\u00e9rience solide aupr\u00e8s des collectivit\u00e9s territoriales, des CCAS et des services sociaux en Guyane, o\u00f9 elle intervient sur des actions de coh\u00e9sion sociale, de pr\u00e9vention et de soutien \u00e0 la posture professionnelle.<\/p><p data-start=\"675\" data-end=\"1153\">Son expertise couvre l\u2019accompagnement du deuil, la prise en charge int\u00e9grative des traumatismes, la gestion de l\u2019anxi\u00e9t\u00e9 et du stress, ainsi que l\u2019accompagnement des aidants familiaux, des personnes \u00e2g\u00e9es et des publics fragilis\u00e9s, notamment les femmes victimes de violences et leurs enfants. Elle con\u00e7oit et anime des ateliers collectifs, des conf\u00e9rences-d\u00e9bats et des actions de sensibilisation \u00e0 destination de professionnels et de publics vari\u00e9s.<\/p><p data-start=\"1155\" data-end=\"1441\">Form\u00e9e en sophrologie cayc\u00e9dienne (RNCP), en hypnose et en relation d\u2019aide, Yannick Darnis apporte au sein de Numovia Consulting une approche humaine, structur\u00e9e et compl\u00e9mentaire, orient\u00e9e vers la pr\u00e9vention, le mieux-\u00eatre et le renforcement des comp\u00e9tences psychosociales.<\/p>\t\t\t\t\t\t\t\t<\/div>\n\t\t\t\t<\/div>\n\t\t\t\t\t<\/div>\n\t\t\t\t<\/div>\n\t\t<div class=\"elementor-element elementor-element-15fa2e7 e-flex e-con-boxed e-con e-parent\" data-id=\"15fa2e7\" data-element_type=\"container\" data-e-type=\"container\">\n\t\t\t\t\t<div class=\"e-con-inner\">\n\t\t<div class=\"elementor-element elementor-element-0e73b37 e-con-full e-flex e-con e-child\" data-id=\"0e73b37\" data-element_type=\"container\" data-e-type=\"container\">\n\t\t\t\t<div class=\"elementor-element elementor-element-cbe6a99 elementor-widget elementor-widget-heading\" data-id=\"cbe6a99\" data-element_type=\"widget\" data-e-type=\"widget\" data-widget_type=\"heading.default\">\n\t\t\t\t\t<h2 class=\"elementor-heading-title elementor-size-default\">S\u00e9bastien Balondrade\n<\/h2>\t\t\t\t<\/div>\n\t\t\t\t<div class=\"elementor-element elementor-element-59a88ea elementor-widget elementor-widget-heading\" data-id=\"59a88ea\" data-element_type=\"widget\" data-e-type=\"widget\" data-widget_type=\"heading.default\">\n\t\t\t\t\t<h3 class=\"elementor-heading-title elementor-size-default\">Pr\u00e9sident \u2013 Consultant senior<\/h3>\t\t\t\t<\/div>\n\t\t\t\t<div class=\"elementor-element elementor-element-fbfe36c elementor-widget elementor-widget-text-editor\" data-id=\"fbfe36c\" data-element_type=\"widget\" data-e-type=\"widget\" data-widget_type=\"text-editor.default\">\n\t\t\t\t\t\t\t\t\t<p data-start=\"678\" data-end=\"1075\">Pr\u00e9sident de Numovia Consulting, S\u00e9bastien Balondrade accompagne les organisations, les collectivit\u00e9s et les entreprises dans la structuration, la performance et la s\u00e9curisation de leurs projets. Son parcours se caract\u00e9rise par une expertise transversale en organisation, gestion administrative, \u00e9conomie-gestion, num\u00e9rique et pilotage de projets complexes.<\/p><p data-start=\"1077\" data-end=\"1556\">Il intervient sur des missions de conseil strat\u00e9gique, d\u2019organisation et d\u2019optimisation des processus, de gestion administrative et financi\u00e8re, ainsi que de transformation num\u00e9rique et de conduite du changement. Son exp\u00e9rience inclut \u00e9galement le d\u00e9veloppement de partenariats institutionnels et internationaux, la coordination de projets multi-acteurs et l\u2019accompagnement de structures publiques et priv\u00e9es dans des environnements territoriaux exigeants.<\/p><p data-start=\"1558\" data-end=\"1907\">Engag\u00e9 dans le monde associatif, il est \u00e9galement pr\u00e9sident d\u2019association, avec une action orient\u00e9e vers l\u2019inclusion, la pr\u00e9vention et l\u2019innovation sociale. Issu du sport et des m\u00e9tiers de la s\u00e9curit\u00e9, il apporte une culture de la rigueur, de l\u2019anticipation et de l\u2019efficacit\u00e9 op\u00e9rationnelle au service de projets durables et mesurables.<\/p>\t\t\t\t\t\t\t\t<\/div>\n\t\t\t\t<\/div>\n\t\t<div class=\"elementor-element elementor-element-6cf255d e-con-full e-flex e-con e-child\" data-id=\"6cf255d\" data-element_type=\"container\" data-e-type=\"container\">\n\t\t\t\t<div class=\"elementor-element elementor-element-12aba29 elementor-widget elementor-widget-image\" data-id=\"12aba29\" data-element_type=\"widget\" data-e-type=\"widget\" data-widget_type=\"image.default\">\n\t\t\t\t\t\t\t\t\t\t\t\t\t\t\t<img decoding=\"async\" width=\"747\" height=\"1024\" src=\"https:\/\/numovia.fr\/wp-content\/uploads\/2026\/02\/seb-747x1024.png\" class=\"attachment-large size-large wp-image-382\" alt=\"\" srcset=\"https:\/\/numovia.fr\/wp-content\/uploads\/2026\/02\/seb-747x1024.png 747w, https:\/\/numovia.fr\/wp-content\/uploads\/2026\/02\/seb-219x300.png 219w, https:\/\/numovia.fr\/wp-content\/uploads\/2026\/02\/seb-768x1052.png 768w, https:\/\/numovia.fr\/wp-content\/uploads\/2026\/02\/seb.png 864w\" sizes=\"(max-width: 747px) 100vw, 747px\" \/>\t\t\t\t\t\t\t\t\t\t\t\t\t\t\t<\/div>\n\t\t\t\t<\/div>\n\t\t\t\t\t<\/div>\n\t\t\t\t<\/div>\n\t\t<div class=\"elementor-element elementor-element-33db8d2 e-flex e-con-boxed e-con e-parent\" data-id=\"33db8d2\" data-element_type=\"container\" data-e-type=\"container\">\n\t\t\t\t\t<div class=\"e-con-inner\">\n\t\t<div class=\"elementor-element elementor-element-1e34f24 e-con-full e-flex e-con e-child\" data-id=\"1e34f24\" data-element_type=\"container\" data-e-type=\"container\">\n\t\t\t\t<div class=\"elementor-element elementor-element-9d89230 elementor-widget elementor-widget-image\" data-id=\"9d89230\" data-element_type=\"widget\" data-e-type=\"widget\" data-widget_type=\"image.default\">\n\t\t\t\t\t\t\t\t\t\t\t\t\t\t\t<img decoding=\"async\" width=\"747\" height=\"1024\" src=\"https:\/\/numovia.fr\/wp-content\/uploads\/2026\/02\/Helene-747x1024.png\" class=\"attachment-large size-large wp-image-381\" alt=\"\" srcset=\"https:\/\/numovia.fr\/wp-content\/uploads\/2026\/02\/Helene-747x1024.png 747w, https:\/\/numovia.fr\/wp-content\/uploads\/2026\/02\/Helene-219x300.png 219w, https:\/\/numovia.fr\/wp-content\/uploads\/2026\/02\/Helene-768x1052.png 768w, https:\/\/numovia.fr\/wp-content\/uploads\/2026\/02\/Helene.png 864w\" sizes=\"(max-width: 747px) 100vw, 747px\" \/>\t\t\t\t\t\t\t\t\t\t\t\t\t\t\t<\/div>\n\t\t\t\t<\/div>\n\t\t<div class=\"elementor-element elementor-element-a1d6979 e-con-full e-flex e-con e-child\" data-id=\"a1d6979\" data-element_type=\"container\" data-e-type=\"container\">\n\t\t\t\t<div class=\"elementor-element elementor-element-e05c3d6 elementor-widget elementor-widget-heading\" data-id=\"e05c3d6\" data-element_type=\"widget\" data-e-type=\"widget\" data-widget_type=\"heading.default\">\n\t\t\t\t\t<h2 class=\"elementor-heading-title elementor-size-default\">H\u00e9l\u00e8ne Cantais<\/h2>\t\t\t\t<\/div>\n\t\t\t\t<div class=\"elementor-element elementor-element-93e799b elementor-widget elementor-widget-heading\" data-id=\"93e799b\" data-element_type=\"widget\" data-e-type=\"widget\" data-widget_type=\"heading.default\">\n\t\t\t\t\t<h3 class=\"elementor-heading-title elementor-size-default\">Consultante senior \u2013 Ressources humaines, ing\u00e9nierie de formation et accompagnement des parcours<\/h3>\t\t\t\t<\/div>\n\t\t\t\t<div class=\"elementor-element elementor-element-e7b07f1 elementor-widget elementor-widget-text-editor\" data-id=\"e7b07f1\" data-element_type=\"widget\" data-e-type=\"widget\" data-widget_type=\"text-editor.default\">\n\t\t\t\t\t\t\t\t\t<p data-start=\"426\" data-end=\"725\">H\u00e9l\u00e8ne Cantais est consultante senior sp\u00e9cialis\u00e9e en ressources humaines, ing\u00e9nierie de formation et accompagnement des parcours professionnels. Elle dispose d\u2019une solide exp\u00e9rience dans le secteur social et m\u00e9dico-social, acquise \u00e0 des postes de responsabilit\u00e9 et de pilotage en Guyane.<\/p><p data-start=\"727\" data-end=\"1247\">Ancienne cadre p\u00e9dagogique, formatrice en travail social, r\u00e9f\u00e9rente handicap et accompagnatrice VAE, elle a exerc\u00e9 des fonctions strat\u00e9giques au sein d\u2019organismes de formation et de structures associatives, en lien \u00e9troit avec les institutions, les employeurs et les professionnels de terrain. Elle a \u00e9galement occup\u00e9 des fonctions de Directrice des Ressources Humaines, avec la responsabilit\u00e9 de la gestion d\u2019\u00e9quipes pluridisciplinaires, de prestataires conventionn\u00e9s et de dispositifs RH complexes.<\/p><p data-start=\"1249\" data-end=\"1679\">Son expertise couvre notamment la structuration des organisations, la gestion des ressources humaines, l\u2019ing\u00e9nierie p\u00e9dagogique, la coordination d\u2019actions de formation, ainsi que l\u2019accompagnement individuel et collectif des professionnels. Elle intervient aupr\u00e8s des structures publiques, associatives et des organismes de formation, avec une approche rigoureuse, humaine et orient\u00e9e efficacit\u00e9 op\u00e9rationnelle.<\/p><p data-start=\"1681\" data-end=\"1916\">Au sein de Numovia Consulting, H\u00e9l\u00e8ne Cantais apporte une expertise cl\u00e9 sur les enjeux RH, formation et accompagnement des transformations organisationnelles, en lien avec les r\u00e9alit\u00e9s de terrain et les exigences institutionnelles.<\/p>\t\t\t\t\t\t\t\t<\/div>\n\t\t\t\t<\/div>\n\t\t\t\t\t<\/div>\n\t\t\t\t<\/div>\n\t\t<div class=\"elementor-element elementor-element-4015cd6 e-flex e-con-boxed e-con e-parent\" data-id=\"4015cd6\" data-element_type=\"container\" data-e-type=\"container\">\n\t\t\t\t\t<div class=\"e-con-inner\">\n\t\t<div class=\"elementor-element elementor-element-b056227 e-con-full e-flex e-con e-child\" data-id=\"b056227\" data-element_type=\"container\" data-e-type=\"container\">\n\t\t\t\t<div class=\"elementor-element elementor-element-2a1ed4f elementor-widget elementor-widget-heading\" data-id=\"2a1ed4f\" data-element_type=\"widget\" data-e-type=\"widget\" data-widget_type=\"heading.default\">\n\t\t\t\t\t<h2 class=\"elementor-heading-title elementor-size-default\">Erika B\u00e9ranger<\/h2>\t\t\t\t<\/div>\n\t\t\t\t<div class=\"elementor-element elementor-element-59b3902 elementor-widget elementor-widget-heading\" data-id=\"59b3902\" data-element_type=\"widget\" data-e-type=\"widget\" data-widget_type=\"heading.default\">\n\t\t\t\t\t<h3 class=\"elementor-heading-title elementor-size-default\">Consultante Senior \u2013 Recherche, ing\u00e9nierie de formation et expertise psychosociale<\/h3>\t\t\t\t<\/div>\n\t\t\t\t<div class=\"elementor-element elementor-element-a7e0884 elementor-widget elementor-widget-text-editor\" data-id=\"a7e0884\" data-element_type=\"widget\" data-e-type=\"widget\" data-widget_type=\"text-editor.default\">\n\t\t\t\t\t\t\t\t\t<p data-start=\"400\" data-end=\"761\">Erika B\u00e9ranger est consultante sp\u00e9cialis\u00e9e en ing\u00e9nierie de formation, analyse des pratiques professionnelles et approches psychosociales, avec un profil \u00e0 forte dimension scientifique et m\u00e9thodologique. Son expertise s\u2019appuie sur une solide exp\u00e9rience en recherche, en conception de dispositifs de formation et en accompagnement des professionnels.<\/p><p data-start=\"763\" data-end=\"1179\">Elle intervient sur des missions d\u2019analyse, de structuration de contenus p\u00e9dagogiques, d\u2019\u00e9valuation de dispositifs et de production de connaissances, en lien avec les enjeux sociaux, \u00e9ducatifs et organisationnels. Son approche combine rigueur scientifique, compr\u00e9hension fine des dynamiques humaines et capacit\u00e9 \u00e0 traduire les travaux de recherche en outils op\u00e9rationnels pour les acteurs de terrain.<\/p><p data-start=\"1181\" data-end=\"1400\">Engag\u00e9e dans la diffusion des savoirs, Erika B\u00e9ranger est \u00e9galement impliqu\u00e9e dans des travaux et publications scientifiques, contribuant \u00e0 \u00e9clairer les pratiques professionnelles et les politiques d\u2019accompagnement.<\/p><p data-start=\"1402\" data-end=\"1691\">Au sein de Numovia Consulting, elle apporte une expertise compl\u00e9mentaire sur les dimensions recherche, m\u00e9thodologie, ing\u00e9nierie p\u00e9dagogique et analyse strat\u00e9gique, au service de projets exigeants port\u00e9s par les institutions, les organismes de formation et les structures publiques.<\/p>\t\t\t\t\t\t\t\t<\/div>\n\t\t\t\t<\/div>\n\t\t<div class=\"elementor-element elementor-element-99bd19e e-con-full e-flex e-con e-child\" data-id=\"99bd19e\" data-element_type=\"container\" data-e-type=\"container\">\n\t\t\t\t<div class=\"elementor-element elementor-element-b37e0fb elementor-widget elementor-widget-image\" data-id=\"b37e0fb\" data-element_type=\"widget\" data-e-type=\"widget\" data-widget_type=\"image.default\">\n\t\t\t\t\t\t\t\t\t\t\t\t\t\t\t<img loading=\"lazy\" decoding=\"async\" width=\"747\" height=\"1024\" src=\"https:\/\/numovia.fr\/wp-content\/uploads\/2026\/02\/Erika-747x1024.png\" class=\"attachment-large size-large wp-image-380\" alt=\"\" srcset=\"https:\/\/numovia.fr\/wp-content\/uploads\/2026\/02\/Erika-747x1024.png 747w, https:\/\/numovia.fr\/wp-content\/uploads\/2026\/02\/Erika-219x300.png 219w, https:\/\/numovia.fr\/wp-content\/uploads\/2026\/02\/Erika-768x1052.png 768w, https:\/\/numovia.fr\/wp-content\/uploads\/2026\/02\/Erika.png 864w\" sizes=\"(max-width: 747px) 100vw, 747px\" \/>\t\t\t\t\t\t\t\t\t\t\t\t\t\t\t<\/div>\n\t\t\t\t<\/div>\n\t\t\t\t\t<\/div>\n\t\t\t\t<\/div>\n\t\t\t\t<\/div>\n\t\t","protected":false},"excerpt":{"rendered":"<p>Nos consultants Numovia Consulting s\u2019appuie sur une \u00e9quipe de consultants aux expertises compl\u00e9mentaires, r\u00e9unis par une m\u00eame exigence : accompagner [&hellip;]<\/p>\n","protected":false},"author":1,"featured_media":0,"parent":0,"menu_order":0,"comment_status":"closed","ping_status":"closed","template":"","meta":{"site-sidebar-layout":"no-sidebar","site-content-layout":"","ast-site-content-layout":"full-width-container","site-content-style":"default","site-sidebar-style":"default","ast-global-header-display":"","ast-banner-title-visibility":"","ast-main-header-display":"","ast-hfb-above-header-display":"","ast-hfb-below-header-display":"","ast-hfb-mobile-header-display":"","site-post-title":"disabled","ast-breadcrumbs-content":"","ast-featured-img":"disabled","footer-sml-layout":"","ast-disable-related-posts":"","theme-transparent-header-meta":"","adv-header-id-meta":"","stick-header-meta":"","header-above-stick-meta":"","header-main-stick-meta":"","header-below-stick-meta":"","astra-migrate-meta-layouts":"default","ast-page-background-enabled":"default","ast-page-background-meta":{"desktop":{"background-color":"var(--ast-global-color-5)","background-image":"","background-repeat":"repeat","background-position":"center center","background-size":"auto","background-attachment":"scroll","background-type":"","background-media":"","overlay-type":"","overlay-color":"","overlay-opacity":"","overlay-gradient":""},"tablet":{"background-color":"","background-image":"","background-repeat":"repeat","background-position":"center center","background-size":"auto","background-attachment":"scroll","background-type":"","background-media":"","overlay-type":"","overlay-color":"","overlay-opacity":"","overlay-gradient":""},"mobile":{"background-color":"","background-image":"","background-repeat":"repeat","background-position":"center center","background-size":"auto","background-attachment":"scroll","background-type":"","background-media":"","overlay-type":"","overlay-color":"","overlay-opacity":"","overlay-gradient":""}},"ast-content-background-meta":{"desktop":{"background-color":"var(--ast-global-color-4)","background-image":"","background-repeat":"repeat","background-position":"center center","background-size":"auto","background-attachment":"scroll","background-type":"","background-media":"","overlay-type":"","overlay-color":"","overlay-opacity":"","overlay-gradient":""},"tablet":{"background-color":"var(--ast-global-color-4)","background-image":"","background-repeat":"repeat","background-position":"center center","background-size":"auto","background-attachment":"scroll","background-type":"","background-media":"","overlay-type":"","overlay-color":"","overlay-opacity":"","overlay-gradient":""},"mobile":{"background-color":"var(--ast-global-color-4)","background-image":"","background-repeat":"repeat","background-position":"center center","background-size":"auto","background-attachment":"scroll","background-type":"","background-media":"","overlay-type":"","overlay-color":"","overlay-opacity":"","overlay-gradient":""}},"footnotes":""},"class_list":["post-378","page","type-page","status-publish","hentry"],"_links":{"self":[{"href":"https:\/\/numovia.fr\/index.php\/wp-json\/wp\/v2\/pages\/378","targetHints":{"allow":["GET"]}}],"collection":[{"href":"https:\/\/numovia.fr\/index.php\/wp-json\/wp\/v2\/pages"}],"about":[{"href":"https:\/\/numovia.fr\/index.php\/wp-json\/wp\/v2\/types\/page"}],"author":[{"embeddable":true,"href":"https:\/\/numovia.fr\/index.php\/wp-json\/wp\/v2\/users\/1"}],"replies":[{"embeddable":true,"href":"https:\/\/numovia.fr\/index.php\/wp-json\/wp\/v2\/comments?post=378"}],"version-history":[{"count":7,"href":"https:\/\/numovia.fr\/index.php\/wp-json\/wp\/v2\/pages\/378\/revisions"}],"predecessor-version":[{"id":392,"href":"https:\/\/numovia.fr\/index.php\/wp-json\/wp\/v2\/pages\/378\/revisions\/392"}],"wp:attachment":[{"href":"https:\/\/numovia.fr\/index.php\/wp-json\/wp\/v2\/media?parent=378"}],"curies":[{"name":"wp","href":"https:\/\/api.w.org\/{rel}","templated":true}]}}