{"id":263,"date":"2026-01-28T11:16:09","date_gmt":"2026-01-28T11:16:09","guid":{"rendered":"http:\/\/numovia.fr\/site_2026\/?page_id=263"},"modified":"2026-02-04T13:12:39","modified_gmt":"2026-02-04T13:12:39","slug":"mentions-legales","status":"publish","type":"page","link":"https:\/\/numovia.fr\/index.php\/mentions-legales\/","title":{"rendered":"Mentions l\u00e9gales"},"content":{"rendered":"\t\t<div data-elementor-type=\"wp-page\" data-elementor-id=\"263\" class=\"elementor elementor-263\">\n\t\t\t\t<div class=\"elementor-element elementor-element-1ed59b7 e-con-full e-flex e-con e-parent\" data-id=\"1ed59b7\" data-element_type=\"container\" data-e-type=\"container\">\n\t\t<div class=\"elementor-element elementor-element-be1a41c e-flex e-con-boxed e-con e-child\" data-id=\"be1a41c\" data-element_type=\"container\" data-e-type=\"container\">\n\t\t\t\t\t<div class=\"e-con-inner\">\n\t\t\t\t<div class=\"elementor-element elementor-element-5a59c08 elementor-widget elementor-widget-heading\" data-id=\"5a59c08\" data-element_type=\"widget\" data-e-type=\"widget\" data-widget_type=\"heading.default\">\n\t\t\t\t\t<h1 class=\"elementor-heading-title elementor-size-default\">Mentions l\u00e9gales\n<\/h1>\t\t\t\t<\/div>\n\t\t\t\t<div class=\"elementor-element elementor-element-8647c88 elementor-widget elementor-widget-text-editor\" data-id=\"8647c88\" data-element_type=\"widget\" data-e-type=\"widget\" data-widget_type=\"text-editor.default\">\n\t\t\t\t\t\t\t\t\t<section class=\"mentions-legales\"><h2>\u00a0<\/h2><h2>\u00c9diteur du site<\/h2><p><strong>Numovia Consulting<\/strong><br \/>Soci\u00e9t\u00e9 par actions simplifi\u00e9e unipersonnelle (SASU)<br \/>Capital social : 100 \u20ac<\/p><p>Si\u00e8ge social :<br \/>607 route des Plages<br \/>97354 Remire-Montjoly \u2013 Guyane fran\u00e7aise<\/p><p>Immatricul\u00e9e au Registre du Commerce et des Soci\u00e9t\u00e9s de Cayenne<br \/>sous le num\u00e9ro <strong>100 022 839 R.C.S. Cayenne<\/strong><br \/>Num\u00e9ro d\u2019identification europ\u00e9en (EUID) : <strong>FR9731.100022839<\/strong><\/p><h2>Direction de la publication<\/h2><p>Monsieur <strong>S\u00e9bastien Balondrade<\/strong><br \/>Pr\u00e9sident de la soci\u00e9t\u00e9 Numovia Consulting<\/p><h2>Activit\u00e9s<\/h2><p>Conseil strat\u00e9gique et organisationnel aupr\u00e8s d\u2019acteurs publics et priv\u00e9s ;<br \/>ing\u00e9nierie, conception et animation d\u2019actions de formation en pr\u00e9sentiel et \u00e0 distance ;<br \/>accompagnement strat\u00e9gique et m\u00e9thodologique des organisations ;<br \/>cr\u00e9ation et diffusion de contenus p\u00e9dagogiques et num\u00e9riques.<\/p><h2>H\u00e9bergement<\/h2><p>Le site est h\u00e9berg\u00e9 par :<br \/><strong>OVHcloud<\/strong><br \/>2 rue Kellermann<br \/>59100 Roubaix \u2013 France<br \/><a href=\"https:\/\/www.ovhcloud.com\" target=\"_blank\" rel=\"noopener\">www.ovhcloud.com<\/a><\/p><h2>Propri\u00e9t\u00e9 intellectuelle<\/h2><p>L\u2019ensemble des contenus pr\u00e9sents sur le site (textes, images, graphismes, logo,<br \/>structure g\u00e9n\u00e9rale, documents t\u00e9l\u00e9chargeables, etc.) est la propri\u00e9t\u00e9 exclusive<br \/>de Numovia Consulting, sauf mentions contraires.<\/p><p>Toute reproduction, repr\u00e9sentation, modification, publication ou adaptation,<br \/>totale ou partielle, de tout ou partie du site, par quelque proc\u00e9d\u00e9 que ce soit,<br \/>est interdite sans autorisation \u00e9crite pr\u00e9alable.<\/p><h2>Responsabilit\u00e9<\/h2><p>Numovia Consulting s\u2019efforce de fournir sur le site des informations aussi pr\u00e9cises<br \/>que possible. Toutefois, elle ne saurait \u00eatre tenue responsable des omissions,<br \/>inexactitudes ou carences dans la mise \u00e0 jour, qu\u2019elles soient de son fait ou du<br \/>fait de tiers partenaires.<\/p><h2>Donn\u00e9es personnelles<\/h2><p>Les donn\u00e9es personnelles \u00e9ventuellement collect\u00e9es via le site (formulaire de<br \/>contact, \u00e9changes par courriel) sont destin\u00e9es exclusivement \u00e0 Numovia Consulting<br \/>et ne sont en aucun cas c\u00e9d\u00e9es \u00e0 des tiers.<\/p><p>Conform\u00e9ment \u00e0 la r\u00e9glementation en vigueur (R\u00e8glement G\u00e9n\u00e9ral sur la Protection<br \/>des Donn\u00e9es \u2013 RGPD), toute personne dispose d\u2019un droit d\u2019acc\u00e8s, de rectification<br \/>et de suppression des donn\u00e9es la concernant, qu\u2019elle peut exercer en adressant<br \/>une demande par courrier \u00e9lectronique ou postal \u00e0 Numovia Consulting.<\/p><h2>Cookies<\/h2><p>Le site peut \u00eatre amen\u00e9 \u00e0 utiliser des cookies strictement n\u00e9cessaires \u00e0 son<br \/>fonctionnement et \u00e0 la mesure d\u2019audience. L\u2019utilisateur peut configurer son<br \/>navigateur afin de refuser tout ou partie des cookies.<\/p><h2>Droit applicable<\/h2><p>Le pr\u00e9sent site est soumis au droit fran\u00e7ais. En cas de litige, et \u00e0 d\u00e9faut de<br \/>r\u00e9solution amiable, les tribunaux comp\u00e9tents seront ceux du ressort du si\u00e8ge<br \/>social de Numovia Consulting.<\/p><\/section>\t\t\t\t\t\t\t\t<\/div>\n\t\t\t\t\t<\/div>\n\t\t\t\t<\/div>\n\t\t\t\t<\/div>\n\t\t\t\t<\/div>\n\t\t","protected":false},"excerpt":{"rendered":"<p>Mentions l\u00e9gales \u00a0 \u00c9diteur du site Numovia ConsultingSoci\u00e9t\u00e9 par actions simplifi\u00e9e unipersonnelle (SASU)Capital social : 100 \u20ac Si\u00e8ge social :607 [&hellip;]<\/p>\n","protected":false},"author":1,"featured_media":0,"parent":0,"menu_order":0,"comment_status":"closed","ping_status":"closed","template":"","meta":{"site-sidebar-layout":"no-sidebar","site-content-layout":"","ast-site-content-layout":"full-width-container","site-content-style":"default","site-sidebar-style":"default","ast-global-header-display":"","ast-banner-title-visibility":"","ast-main-header-display":"","ast-hfb-above-header-display":"","ast-hfb-below-header-display":"","ast-hfb-mobile-header-display":"","site-post-title":"disabled","ast-breadcrumbs-content":"","ast-featured-img":"disabled","footer-sml-layout":"","ast-disable-related-posts":"","theme-transparent-header-meta":"disabled","adv-header-id-meta":"","stick-header-meta":"","header-above-stick-meta":"","header-main-stick-meta":"","header-below-stick-meta":"","astra-migrate-meta-layouts":"default","ast-page-background-enabled":"default","ast-page-background-meta":{"desktop":{"background-color":"var(--ast-global-color-5)","background-image":"","background-repeat":"repeat","background-position":"center center","background-size":"auto","background-attachment":"scroll","background-type":"","background-media":"","overlay-type":"","overlay-color":"","overlay-opacity":"","overlay-gradient":""},"tablet":{"background-color":"","background-image":"","background-repeat":"repeat","background-position":"center center","background-size":"auto","background-attachment":"scroll","background-type":"","background-media":"","overlay-type":"","overlay-color":"","overlay-opacity":"","overlay-gradient":""},"mobile":{"background-color":"","background-image":"","background-repeat":"repeat","background-position":"center center","background-size":"auto","background-attachment":"scroll","background-type":"","background-media":"","overlay-type":"","overlay-color":"","overlay-opacity":"","overlay-gradient":""}},"ast-content-background-meta":{"desktop":{"background-color":"var(--ast-global-color-4)","background-image":"","background-repeat":"repeat","background-position":"center center","background-size":"auto","background-attachment":"scroll","background-type":"","background-media":"","overlay-type":"","overlay-color":"","overlay-opacity":"","overlay-gradient":""},"tablet":{"background-color":"var(--ast-global-color-4)","background-image":"","background-repeat":"repeat","background-position":"center center","background-size":"auto","background-attachment":"scroll","background-type":"","background-media":"","overlay-type":"","overlay-color":"","overlay-opacity":"","overlay-gradient":""},"mobile":{"background-color":"var(--ast-global-color-4)","background-image":"","background-repeat":"repeat","background-position":"center center","background-size":"auto","background-attachment":"scroll","background-type":"","background-media":"","overlay-type":"","overlay-color":"","overlay-opacity":"","overlay-gradient":""}},"footnotes":""},"class_list":["post-263","page","type-page","status-publish","hentry"],"_links":{"self":[{"href":"https:\/\/numovia.fr\/index.php\/wp-json\/wp\/v2\/pages\/263","targetHints":{"allow":["GET"]}}],"collection":[{"href":"https:\/\/numovia.fr\/index.php\/wp-json\/wp\/v2\/pages"}],"about":[{"href":"https:\/\/numovia.fr\/index.php\/wp-json\/wp\/v2\/types\/page"}],"author":[{"embeddable":true,"href":"https:\/\/numovia.fr\/index.php\/wp-json\/wp\/v2\/users\/1"}],"replies":[{"embeddable":true,"href":"https:\/\/numovia.fr\/index.php\/wp-json\/wp\/v2\/comments?post=263"}],"version-history":[{"count":14,"href":"https:\/\/numovia.fr\/index.php\/wp-json\/wp\/v2\/pages\/263\/revisions"}],"predecessor-version":[{"id":332,"href":"https:\/\/numovia.fr\/index.php\/wp-json\/wp\/v2\/pages\/263\/revisions\/332"}],"wp:attachment":[{"href":"https:\/\/numovia.fr\/index.php\/wp-json\/wp\/v2\/media?parent=263"}],"curies":[{"name":"wp","href":"https:\/\/api.w.org\/{rel}","templated":true}]}}